{"id":2886,"date":"2024-02-19T17:01:08","date_gmt":"2024-02-19T16:01:08","guid":{"rendered":"https:\/\/jb-cosmetics.fr\/wordpress\/?post_type=product&#038;p=2886"},"modified":"2025-01-11T09:44:14","modified_gmt":"2025-01-11T08:44:14","slug":"dissolvant-biphase-doux-pour-les-ongles","status":"publish","type":"product","link":"https:\/\/jb-cosmetics.fr\/wordpress\/product\/dissolvant-biphase-doux-pour-les-ongles\/","title":{"rendered":"Dissolvant biphas\u00e9 doux pour les ongles"},"content":{"rendered":"<div class=\"flex-1 overflow-hidden\">\n<div class=\"react-scroll-to-bottom--css-ituqg-79elbk h-full\">\n<div class=\"react-scroll-to-bottom--css-ituqg-1n7m0yu\">\n<div class=\"flex flex-col pb-9 text-sm\">\n<div class=\"w-full text-token-text-primary\" data-testid=\"conversation-turn-49\">\n<div class=\"px-4 py-2 justify-center text-base md:gap-6 m-auto\">\n<div class=\"flex flex-1 text-base mx-auto gap-3 md:px-5 lg:px-1 xl:px-5 md:max-w-3xl lg:max-w-[40rem] xl:max-w-[48rem] group final-completion\">\n<div class=\"relative flex w-full flex-col agent-turn\">\n<div class=\"flex-col gap-1 md:gap-3\">\n<div class=\"flex flex-grow flex-col max-w-full\">\n<div class=\"min-h-[20px] text-message flex flex-col items-start gap-3 whitespace-pre-wrap break-words [.text-message+&amp;]:mt-5 overflow-x-auto\" data-message-author-role=\"assistant\" data-message-id=\"2a7430d6-89a4-4953-a24f-96d0fd2125c4\">\n<div class=\"markdown prose w-full break-words dark:prose-invert dark\">\n<p>D\u00e9couvrez le soin ultime pour vos ongles avec le dissolvant biphas\u00e9 doux de JB Cosmetics. Formul\u00e9 avec une combinaison innovante de phases qui \u00e9liminent efficacement le vernis tout en nourrissant les ongles et les cuticules. Ce dissolvant doux offre une exp\u00e9rience apaisante, pr\u00e9servant la sant\u00e9 de vos ongles. La formule non agressive \u00e9limine le vernis sans dess\u00e9cher ni fragiliser les ongles, laissant derri\u00e8re elle une sensation de douceur et de fra\u00eecheur. Enrichi en agents hydratants, le dissolvant biphas\u00e9 de JB Cosmetics contribue \u00e0 maintenir l&rsquo;\u00e9quilibre naturel de vos ongles. Son parfum d\u00e9licat ajoute une touche de luxe \u00e0 votre routine de soins. Optez pour l&rsquo;excellence avec JB Cosmetics, o\u00f9 l&rsquo;innovation et la qualit\u00e9 se rencontrent pour offrir une exp\u00e9rience de beaut\u00e9 compl\u00e8te. Red\u00e9couvrez le soin des ongles avec notre dissolvant biphas\u00e9 doux, un geste bienveillant pour des ongles sains et sublim\u00e9s. Transformez votre routine de manucure avec la douceur de JB Cosmetics, la marque qui prend soin de la beaut\u00e9 de vos ongles avec une attention particuli\u00e8re.<\/p>\n<\/div>\n<\/div>\n<\/div>\n<\/div>\n<\/div>\n<\/div>\n<\/div>\n<\/div>\n<\/div>\n<\/div>\n<\/div>\n<\/div>\n<div class=\"w-full pt-2 md:pt-0 dark:border-white\/20 md:border-transparent md:dark:border-transparent md:w-[calc(100%-.5rem)]\">\n<form class=\"stretch mx-2 flex flex-row gap-3 last:mb-2 md:mx-4 md:last:mb-6 lg:mx-auto lg:max-w-2xl xl:max-w-3xl\">\n<div class=\"relative flex h-full flex-1 items-stretch md:flex-col\">\n<div class=\"flex w-full items-center\"><\/div>\n<\/div>\n<\/form>\n<\/div>\n","protected":false},"excerpt":{"rendered":"<p>Pr\u00e9servez la sant\u00e9 de vos ongles avec le dissolvant biphas\u00e9 doux de JB Cosmetics. \u00c9limine efficacement le vernis tout en nourrissant et en hydratant.<\/p>\n","protected":false},"featured_media":4565,"comment_status":"open","ping_status":"closed","template":"elementor_header_footer","meta":[],"product_brand":[],"product_cat":[28],"product_tag":[61,59,62,41,60],"class_list":{"0":"post-2886","1":"product","2":"type-product","3":"status-publish","4":"has-post-thumbnail","6":"product_cat-maquillage","7":"product_tag-biphase","8":"product_tag-dissolvant","9":"product_tag-doux","10":"product_tag-maquillage","11":"product_tag-ongles","13":"entry","14":"has-media","16":"first","17":"instock","18":"taxable","19":"shipping-taxable","20":"purchasable","21":"product-type-simple","22":"has-product-nav","23":"col","24":"span_1_of_3","25":"owp-content-center","26":"owp-thumbs-layout-horizontal","27":"owp-btn-normal","28":"owp-tabs-layout-horizontal","29":"has-no-thumbnails"},"yoast_head":"<!-- This site is optimized with the Yoast SEO plugin v27.3 - https:\/\/yoast.com\/product\/yoast-seo-wordpress\/ -->\n<title>Dissolvant biphas\u00e9 doux pour les ongles - JB Cosmetics<\/title>\n<meta name=\"description\" content=\"Dissolvant biphas\u00e9 doux JB Cosmetics : \u00e9limine le vernis en douceur, nourrit les ongles. Prenez soin de votre beaut\u00e9 avec expertise et bienveillance.\" \/>\n<meta name=\"robots\" content=\"noindex, follow, max-snippet:-1, max-image-preview:large, max-video-preview:-1\" \/>\n<meta property=\"og:locale\" content=\"fr_FR\" \/>\n<meta property=\"og:type\" content=\"article\" \/>\n<meta property=\"og:title\" content=\"Dissolvant biphas\u00e9 doux pour les ongles - JB Cosmetics\" \/>\n<meta property=\"og:description\" content=\"Dissolvant biphas\u00e9 doux JB Cosmetics : \u00e9limine le vernis en douceur, nourrit les ongles. Prenez soin de votre beaut\u00e9 avec expertise et bienveillance.\" \/>\n<meta property=\"og:url\" content=\"https:\/\/jb-cosmetics.fr\/wordpress\/product\/dissolvant-biphase-doux-pour-les-ongles\/\" \/>\n<meta property=\"og:site_name\" content=\"JB Cosmetics\" \/>\n<meta property=\"article:modified_time\" content=\"2025-01-11T08:44:14+00:00\" \/>\n<meta property=\"og:image\" content=\"https:\/\/jb-cosmetics.fr\/wordpress\/wp-content\/uploads\/2025\/01\/dissolvant-biphase-doux-pour-les-ongles-1.png\" \/>\n\t<meta property=\"og:image:width\" content=\"1000\" \/>\n\t<meta property=\"og:image:height\" content=\"666\" \/>\n\t<meta property=\"og:image:type\" content=\"image\/png\" \/>\n<meta name=\"twitter:card\" content=\"summary_large_image\" \/>\n<meta name=\"twitter:label1\" content=\"Dur\u00e9e de lecture estim\u00e9e\" \/>\n\t<meta name=\"twitter:data1\" content=\"2 minutes\" \/>\n<script type=\"application\/ld+json\" class=\"yoast-schema-graph\">{\"@context\":\"https:\\\/\\\/schema.org\",\"@graph\":[{\"@type\":\"WebPage\",\"@id\":\"https:\\\/\\\/jb-cosmetics.fr\\\/wordpress\\\/product\\\/dissolvant-biphase-doux-pour-les-ongles\\\/\",\"url\":\"https:\\\/\\\/jb-cosmetics.fr\\\/wordpress\\\/product\\\/dissolvant-biphase-doux-pour-les-ongles\\\/\",\"name\":\"Dissolvant biphas\u00e9 doux pour les ongles - JB Cosmetics\",\"isPartOf\":{\"@id\":\"https:\\\/\\\/jb-cosmetics.fr\\\/wordpress\\\/#website\"},\"primaryImageOfPage\":{\"@id\":\"https:\\\/\\\/jb-cosmetics.fr\\\/wordpress\\\/product\\\/dissolvant-biphase-doux-pour-les-ongles\\\/#primaryimage\"},\"image\":{\"@id\":\"https:\\\/\\\/jb-cosmetics.fr\\\/wordpress\\\/product\\\/dissolvant-biphase-doux-pour-les-ongles\\\/#primaryimage\"},\"thumbnailUrl\":\"https:\\\/\\\/jb-cosmetics.fr\\\/wordpress\\\/wp-content\\\/uploads\\\/2025\\\/01\\\/dissolvant-biphase-doux-pour-les-ongles-1.png\",\"datePublished\":\"2024-02-19T16:01:08+00:00\",\"dateModified\":\"2025-01-11T08:44:14+00:00\",\"description\":\"Dissolvant biphas\u00e9 doux JB Cosmetics : \u00e9limine le vernis en douceur, nourrit les ongles. Prenez soin de votre beaut\u00e9 avec expertise et bienveillance.\",\"breadcrumb\":{\"@id\":\"https:\\\/\\\/jb-cosmetics.fr\\\/wordpress\\\/product\\\/dissolvant-biphase-doux-pour-les-ongles\\\/#breadcrumb\"},\"inLanguage\":\"fr-FR\",\"potentialAction\":[{\"@type\":\"ReadAction\",\"target\":[\"https:\\\/\\\/jb-cosmetics.fr\\\/wordpress\\\/product\\\/dissolvant-biphase-doux-pour-les-ongles\\\/\"]}]},{\"@type\":\"ImageObject\",\"inLanguage\":\"fr-FR\",\"@id\":\"https:\\\/\\\/jb-cosmetics.fr\\\/wordpress\\\/product\\\/dissolvant-biphase-doux-pour-les-ongles\\\/#primaryimage\",\"url\":\"https:\\\/\\\/jb-cosmetics.fr\\\/wordpress\\\/wp-content\\\/uploads\\\/2025\\\/01\\\/dissolvant-biphase-doux-pour-les-ongles-1.png\",\"contentUrl\":\"https:\\\/\\\/jb-cosmetics.fr\\\/wordpress\\\/wp-content\\\/uploads\\\/2025\\\/01\\\/dissolvant-biphase-doux-pour-les-ongles-1.png\",\"width\":1000,\"height\":666},{\"@type\":\"BreadcrumbList\",\"@id\":\"https:\\\/\\\/jb-cosmetics.fr\\\/wordpress\\\/product\\\/dissolvant-biphase-doux-pour-les-ongles\\\/#breadcrumb\",\"itemListElement\":[{\"@type\":\"ListItem\",\"position\":1,\"name\":\"Accueil\",\"item\":\"https:\\\/\\\/jb-cosmetics.fr\\\/wordpress\\\/\"},{\"@type\":\"ListItem\",\"position\":2,\"name\":\"Produits\",\"item\":\"https:\\\/\\\/jb-cosmetics.fr\\\/wordpress\\\/shop\\\/\"},{\"@type\":\"ListItem\",\"position\":3,\"name\":\"Dissolvant biphas\u00e9 doux pour les ongles\"}]},{\"@type\":\"WebSite\",\"@id\":\"https:\\\/\\\/jb-cosmetics.fr\\\/wordpress\\\/#website\",\"url\":\"https:\\\/\\\/jb-cosmetics.fr\\\/wordpress\\\/\",\"name\":\"JB Cosmetics\",\"description\":\"\",\"publisher\":{\"@id\":\"https:\\\/\\\/jb-cosmetics.fr\\\/wordpress\\\/#organization\"},\"potentialAction\":[{\"@type\":\"SearchAction\",\"target\":{\"@type\":\"EntryPoint\",\"urlTemplate\":\"https:\\\/\\\/jb-cosmetics.fr\\\/wordpress\\\/?s={search_term_string}\"},\"query-input\":{\"@type\":\"PropertyValueSpecification\",\"valueRequired\":true,\"valueName\":\"search_term_string\"}}],\"inLanguage\":\"fr-FR\"},{\"@type\":\"Organization\",\"@id\":\"https:\\\/\\\/jb-cosmetics.fr\\\/wordpress\\\/#organization\",\"name\":\"JB Cosmetics\",\"url\":\"https:\\\/\\\/jb-cosmetics.fr\\\/wordpress\\\/\",\"logo\":{\"@type\":\"ImageObject\",\"inLanguage\":\"fr-FR\",\"@id\":\"https:\\\/\\\/jb-cosmetics.fr\\\/wordpress\\\/#\\\/schema\\\/logo\\\/image\\\/\",\"url\":\"https:\\\/\\\/jb-cosmetics.fr\\\/wordpress\\\/wp-content\\\/uploads\\\/2024\\\/02\\\/Logo.png\",\"contentUrl\":\"https:\\\/\\\/jb-cosmetics.fr\\\/wordpress\\\/wp-content\\\/uploads\\\/2024\\\/02\\\/Logo.png\",\"width\":225,\"height\":220,\"caption\":\"JB Cosmetics\"},\"image\":{\"@id\":\"https:\\\/\\\/jb-cosmetics.fr\\\/wordpress\\\/#\\\/schema\\\/logo\\\/image\\\/\"}}]}<\/script>\n<!-- \/ Yoast SEO plugin. -->","yoast_head_json":{"title":"Dissolvant biphas\u00e9 doux pour les ongles - JB Cosmetics","description":"Dissolvant biphas\u00e9 doux JB Cosmetics : \u00e9limine le vernis en douceur, nourrit les ongles. Prenez soin de votre beaut\u00e9 avec expertise et bienveillance.","robots":{"index":"noindex","follow":"follow","max-snippet":"max-snippet:-1","max-image-preview":"max-image-preview:large","max-video-preview":"max-video-preview:-1"},"og_locale":"fr_FR","og_type":"article","og_title":"Dissolvant biphas\u00e9 doux pour les ongles - JB Cosmetics","og_description":"Dissolvant biphas\u00e9 doux JB Cosmetics : \u00e9limine le vernis en douceur, nourrit les ongles. Prenez soin de votre beaut\u00e9 avec expertise et bienveillance.","og_url":"https:\/\/jb-cosmetics.fr\/wordpress\/product\/dissolvant-biphase-doux-pour-les-ongles\/","og_site_name":"JB Cosmetics","article_modified_time":"2025-01-11T08:44:14+00:00","og_image":[{"width":1000,"height":666,"url":"https:\/\/jb-cosmetics.fr\/wordpress\/wp-content\/uploads\/2025\/01\/dissolvant-biphase-doux-pour-les-ongles-1.png","type":"image\/png"}],"twitter_card":"summary_large_image","twitter_misc":{"Dur\u00e9e de lecture estim\u00e9e":"2 minutes"},"schema":{"@context":"https:\/\/schema.org","@graph":[{"@type":"WebPage","@id":"https:\/\/jb-cosmetics.fr\/wordpress\/product\/dissolvant-biphase-doux-pour-les-ongles\/","url":"https:\/\/jb-cosmetics.fr\/wordpress\/product\/dissolvant-biphase-doux-pour-les-ongles\/","name":"Dissolvant biphas\u00e9 doux pour les ongles - JB Cosmetics","isPartOf":{"@id":"https:\/\/jb-cosmetics.fr\/wordpress\/#website"},"primaryImageOfPage":{"@id":"https:\/\/jb-cosmetics.fr\/wordpress\/product\/dissolvant-biphase-doux-pour-les-ongles\/#primaryimage"},"image":{"@id":"https:\/\/jb-cosmetics.fr\/wordpress\/product\/dissolvant-biphase-doux-pour-les-ongles\/#primaryimage"},"thumbnailUrl":"https:\/\/jb-cosmetics.fr\/wordpress\/wp-content\/uploads\/2025\/01\/dissolvant-biphase-doux-pour-les-ongles-1.png","datePublished":"2024-02-19T16:01:08+00:00","dateModified":"2025-01-11T08:44:14+00:00","description":"Dissolvant biphas\u00e9 doux JB Cosmetics : \u00e9limine le vernis en douceur, nourrit les ongles. Prenez soin de votre beaut\u00e9 avec expertise et bienveillance.","breadcrumb":{"@id":"https:\/\/jb-cosmetics.fr\/wordpress\/product\/dissolvant-biphase-doux-pour-les-ongles\/#breadcrumb"},"inLanguage":"fr-FR","potentialAction":[{"@type":"ReadAction","target":["https:\/\/jb-cosmetics.fr\/wordpress\/product\/dissolvant-biphase-doux-pour-les-ongles\/"]}]},{"@type":"ImageObject","inLanguage":"fr-FR","@id":"https:\/\/jb-cosmetics.fr\/wordpress\/product\/dissolvant-biphase-doux-pour-les-ongles\/#primaryimage","url":"https:\/\/jb-cosmetics.fr\/wordpress\/wp-content\/uploads\/2025\/01\/dissolvant-biphase-doux-pour-les-ongles-1.png","contentUrl":"https:\/\/jb-cosmetics.fr\/wordpress\/wp-content\/uploads\/2025\/01\/dissolvant-biphase-doux-pour-les-ongles-1.png","width":1000,"height":666},{"@type":"BreadcrumbList","@id":"https:\/\/jb-cosmetics.fr\/wordpress\/product\/dissolvant-biphase-doux-pour-les-ongles\/#breadcrumb","itemListElement":[{"@type":"ListItem","position":1,"name":"Accueil","item":"https:\/\/jb-cosmetics.fr\/wordpress\/"},{"@type":"ListItem","position":2,"name":"Produits","item":"https:\/\/jb-cosmetics.fr\/wordpress\/shop\/"},{"@type":"ListItem","position":3,"name":"Dissolvant biphas\u00e9 doux pour les ongles"}]},{"@type":"WebSite","@id":"https:\/\/jb-cosmetics.fr\/wordpress\/#website","url":"https:\/\/jb-cosmetics.fr\/wordpress\/","name":"JB Cosmetics","description":"","publisher":{"@id":"https:\/\/jb-cosmetics.fr\/wordpress\/#organization"},"potentialAction":[{"@type":"SearchAction","target":{"@type":"EntryPoint","urlTemplate":"https:\/\/jb-cosmetics.fr\/wordpress\/?s={search_term_string}"},"query-input":{"@type":"PropertyValueSpecification","valueRequired":true,"valueName":"search_term_string"}}],"inLanguage":"fr-FR"},{"@type":"Organization","@id":"https:\/\/jb-cosmetics.fr\/wordpress\/#organization","name":"JB Cosmetics","url":"https:\/\/jb-cosmetics.fr\/wordpress\/","logo":{"@type":"ImageObject","inLanguage":"fr-FR","@id":"https:\/\/jb-cosmetics.fr\/wordpress\/#\/schema\/logo\/image\/","url":"https:\/\/jb-cosmetics.fr\/wordpress\/wp-content\/uploads\/2024\/02\/Logo.png","contentUrl":"https:\/\/jb-cosmetics.fr\/wordpress\/wp-content\/uploads\/2024\/02\/Logo.png","width":225,"height":220,"caption":"JB Cosmetics"},"image":{"@id":"https:\/\/jb-cosmetics.fr\/wordpress\/#\/schema\/logo\/image\/"}}]}},"_links":{"self":[{"href":"https:\/\/jb-cosmetics.fr\/wordpress\/wp-json\/wp\/v2\/product\/2886","targetHints":{"allow":["GET"]}}],"collection":[{"href":"https:\/\/jb-cosmetics.fr\/wordpress\/wp-json\/wp\/v2\/product"}],"about":[{"href":"https:\/\/jb-cosmetics.fr\/wordpress\/wp-json\/wp\/v2\/types\/product"}],"replies":[{"embeddable":true,"href":"https:\/\/jb-cosmetics.fr\/wordpress\/wp-json\/wp\/v2\/comments?post=2886"}],"version-history":[{"count":1,"href":"https:\/\/jb-cosmetics.fr\/wordpress\/wp-json\/wp\/v2\/product\/2886\/revisions"}],"predecessor-version":[{"id":3360,"href":"https:\/\/jb-cosmetics.fr\/wordpress\/wp-json\/wp\/v2\/product\/2886\/revisions\/3360"}],"wp:featuredmedia":[{"embeddable":true,"href":"https:\/\/jb-cosmetics.fr\/wordpress\/wp-json\/wp\/v2\/media\/4565"}],"wp:attachment":[{"href":"https:\/\/jb-cosmetics.fr\/wordpress\/wp-json\/wp\/v2\/media?parent=2886"}],"wp:term":[{"taxonomy":"product_brand","embeddable":true,"href":"https:\/\/jb-cosmetics.fr\/wordpress\/wp-json\/wp\/v2\/product_brand?post=2886"},{"taxonomy":"product_cat","embeddable":true,"href":"https:\/\/jb-cosmetics.fr\/wordpress\/wp-json\/wp\/v2\/product_cat?post=2886"},{"taxonomy":"product_tag","embeddable":true,"href":"https:\/\/jb-cosmetics.fr\/wordpress\/wp-json\/wp\/v2\/product_tag?post=2886"}],"curies":[{"name":"wp","href":"https:\/\/api.w.org\/{rel}","templated":true}]}}