{"id":2867,"date":"2024-02-19T13:04:59","date_gmt":"2024-02-19T12:04:59","guid":{"rendered":"https:\/\/jb-cosmetics.fr\/wordpress\/?post_type=product&#038;p=2867"},"modified":"2025-01-10T23:23:24","modified_gmt":"2025-01-10T22:23:24","slug":"eye-liner-noir-intense","status":"publish","type":"product","link":"https:\/\/jb-cosmetics.fr\/wordpress\/product\/eye-liner-noir-intense\/","title":{"rendered":"Eye-liner noir intense"},"content":{"rendered":"<p>Plongez dans l&rsquo;univers envo\u00fbtant de la s\u00e9duction oculaire avec l&rsquo;eye-liner noir intense de JB Cosmetics. Notre formule pr\u00e9cise glisse sans effort, soulignant chaque contour avec une \u00e9l\u00e9gance in\u00e9gal\u00e9e. Laissez vous charmer par la fusion de la sophistication et de la pr\u00e9cision. JB Cosmetics red\u00e9finit l&rsquo;art de souligner vos yeux, offrant une exp\u00e9rience unique o\u00f9 la beaut\u00e9 et la confiance se rencontrent. Optez pour l&rsquo;excellence, optez pour l&rsquo;eye-liner noir intense de JB Cosmetics.<\/p>\n","protected":false},"excerpt":{"rendered":"<p>Ce gel eye-liner s&rsquo;applique sur le contour des yeux au ras des cils \u00e0 l&rsquo;aide d&rsquo;un embout pinceau tr\u00e8s fin afin de souligner tout en finesse votre regard.<\/p>\n","protected":false},"featured_media":4545,"comment_status":"open","ping_status":"closed","template":"elementor_header_footer","meta":[],"product_brand":[],"product_cat":[28],"product_tag":[42,41,43],"class_list":{"0":"post-2867","1":"product","2":"type-product","3":"status-publish","4":"has-post-thumbnail","6":"product_cat-maquillage","7":"product_tag-eye-liner","8":"product_tag-maquillage","9":"product_tag-noir","11":"entry","12":"has-media","14":"first","15":"instock","16":"taxable","17":"shipping-taxable","18":"purchasable","19":"product-type-simple","20":"has-product-nav","21":"col","22":"span_1_of_3","23":"owp-content-center","24":"owp-thumbs-layout-horizontal","25":"owp-btn-normal","26":"owp-tabs-layout-horizontal","27":"has-no-thumbnails"},"yoast_head":"<!-- This site is optimized with the Yoast SEO plugin v27.3 - https:\/\/yoast.com\/product\/yoast-seo-wordpress\/ -->\n<title>Eye-liner noir intense - JB Cosmetics<\/title>\n<meta name=\"description\" content=\"JB Cosmetics red\u00e9finit l&#039;intensit\u00e9 du regard avec son eye-liner noir intense. Pr\u00e9cision parfaite, s\u00e9duction assur\u00e9e. D\u00e9couvrez l&#039;excellence en beaut\u00e9.\" \/>\n<meta name=\"robots\" content=\"noindex, follow, max-snippet:-1, max-image-preview:large, max-video-preview:-1\" \/>\n<meta property=\"og:locale\" content=\"fr_FR\" \/>\n<meta property=\"og:type\" content=\"article\" \/>\n<meta property=\"og:title\" content=\"Eye-liner noir intense - JB Cosmetics\" \/>\n<meta property=\"og:description\" content=\"JB Cosmetics red\u00e9finit l&#039;intensit\u00e9 du regard avec son eye-liner noir intense. Pr\u00e9cision parfaite, s\u00e9duction assur\u00e9e. D\u00e9couvrez l&#039;excellence en beaut\u00e9.\" \/>\n<meta property=\"og:url\" content=\"https:\/\/jb-cosmetics.fr\/wordpress\/product\/eye-liner-noir-intense\/\" \/>\n<meta property=\"og:site_name\" content=\"JB Cosmetics\" \/>\n<meta property=\"article:modified_time\" content=\"2025-01-10T22:23:24+00:00\" \/>\n<meta property=\"og:image\" content=\"https:\/\/jb-cosmetics.fr\/wordpress\/wp-content\/uploads\/2025\/01\/Eyeliner-noir-intense.png\" \/>\n\t<meta property=\"og:image:width\" content=\"1000\" \/>\n\t<meta property=\"og:image:height\" content=\"667\" \/>\n\t<meta property=\"og:image:type\" content=\"image\/png\" \/>\n<meta name=\"twitter:card\" content=\"summary_large_image\" \/>\n<meta name=\"twitter:label1\" content=\"Dur\u00e9e de lecture estim\u00e9e\" \/>\n\t<meta name=\"twitter:data1\" content=\"1 minute\" \/>\n<script type=\"application\/ld+json\" class=\"yoast-schema-graph\">{\"@context\":\"https:\\\/\\\/schema.org\",\"@graph\":[{\"@type\":\"WebPage\",\"@id\":\"https:\\\/\\\/jb-cosmetics.fr\\\/wordpress\\\/product\\\/eye-liner-noir-intense\\\/\",\"url\":\"https:\\\/\\\/jb-cosmetics.fr\\\/wordpress\\\/product\\\/eye-liner-noir-intense\\\/\",\"name\":\"Eye-liner noir intense - JB Cosmetics\",\"isPartOf\":{\"@id\":\"https:\\\/\\\/jb-cosmetics.fr\\\/wordpress\\\/#website\"},\"primaryImageOfPage\":{\"@id\":\"https:\\\/\\\/jb-cosmetics.fr\\\/wordpress\\\/product\\\/eye-liner-noir-intense\\\/#primaryimage\"},\"image\":{\"@id\":\"https:\\\/\\\/jb-cosmetics.fr\\\/wordpress\\\/product\\\/eye-liner-noir-intense\\\/#primaryimage\"},\"thumbnailUrl\":\"https:\\\/\\\/jb-cosmetics.fr\\\/wordpress\\\/wp-content\\\/uploads\\\/2025\\\/01\\\/Eyeliner-noir-intense.png\",\"datePublished\":\"2024-02-19T12:04:59+00:00\",\"dateModified\":\"2025-01-10T22:23:24+00:00\",\"description\":\"JB Cosmetics red\u00e9finit l'intensit\u00e9 du regard avec son eye-liner noir intense. Pr\u00e9cision parfaite, s\u00e9duction assur\u00e9e. D\u00e9couvrez l'excellence en beaut\u00e9.\",\"breadcrumb\":{\"@id\":\"https:\\\/\\\/jb-cosmetics.fr\\\/wordpress\\\/product\\\/eye-liner-noir-intense\\\/#breadcrumb\"},\"inLanguage\":\"fr-FR\",\"potentialAction\":[{\"@type\":\"ReadAction\",\"target\":[\"https:\\\/\\\/jb-cosmetics.fr\\\/wordpress\\\/product\\\/eye-liner-noir-intense\\\/\"]}]},{\"@type\":\"ImageObject\",\"inLanguage\":\"fr-FR\",\"@id\":\"https:\\\/\\\/jb-cosmetics.fr\\\/wordpress\\\/product\\\/eye-liner-noir-intense\\\/#primaryimage\",\"url\":\"https:\\\/\\\/jb-cosmetics.fr\\\/wordpress\\\/wp-content\\\/uploads\\\/2025\\\/01\\\/Eyeliner-noir-intense.png\",\"contentUrl\":\"https:\\\/\\\/jb-cosmetics.fr\\\/wordpress\\\/wp-content\\\/uploads\\\/2025\\\/01\\\/Eyeliner-noir-intense.png\",\"width\":1000,\"height\":667},{\"@type\":\"BreadcrumbList\",\"@id\":\"https:\\\/\\\/jb-cosmetics.fr\\\/wordpress\\\/product\\\/eye-liner-noir-intense\\\/#breadcrumb\",\"itemListElement\":[{\"@type\":\"ListItem\",\"position\":1,\"name\":\"Accueil\",\"item\":\"https:\\\/\\\/jb-cosmetics.fr\\\/wordpress\\\/\"},{\"@type\":\"ListItem\",\"position\":2,\"name\":\"Produits\",\"item\":\"https:\\\/\\\/jb-cosmetics.fr\\\/wordpress\\\/shop\\\/\"},{\"@type\":\"ListItem\",\"position\":3,\"name\":\"Eye-liner noir intense\"}]},{\"@type\":\"WebSite\",\"@id\":\"https:\\\/\\\/jb-cosmetics.fr\\\/wordpress\\\/#website\",\"url\":\"https:\\\/\\\/jb-cosmetics.fr\\\/wordpress\\\/\",\"name\":\"JB Cosmetics\",\"description\":\"\",\"publisher\":{\"@id\":\"https:\\\/\\\/jb-cosmetics.fr\\\/wordpress\\\/#organization\"},\"potentialAction\":[{\"@type\":\"SearchAction\",\"target\":{\"@type\":\"EntryPoint\",\"urlTemplate\":\"https:\\\/\\\/jb-cosmetics.fr\\\/wordpress\\\/?s={search_term_string}\"},\"query-input\":{\"@type\":\"PropertyValueSpecification\",\"valueRequired\":true,\"valueName\":\"search_term_string\"}}],\"inLanguage\":\"fr-FR\"},{\"@type\":\"Organization\",\"@id\":\"https:\\\/\\\/jb-cosmetics.fr\\\/wordpress\\\/#organization\",\"name\":\"JB Cosmetics\",\"url\":\"https:\\\/\\\/jb-cosmetics.fr\\\/wordpress\\\/\",\"logo\":{\"@type\":\"ImageObject\",\"inLanguage\":\"fr-FR\",\"@id\":\"https:\\\/\\\/jb-cosmetics.fr\\\/wordpress\\\/#\\\/schema\\\/logo\\\/image\\\/\",\"url\":\"https:\\\/\\\/jb-cosmetics.fr\\\/wordpress\\\/wp-content\\\/uploads\\\/2024\\\/02\\\/Logo.png\",\"contentUrl\":\"https:\\\/\\\/jb-cosmetics.fr\\\/wordpress\\\/wp-content\\\/uploads\\\/2024\\\/02\\\/Logo.png\",\"width\":225,\"height\":220,\"caption\":\"JB Cosmetics\"},\"image\":{\"@id\":\"https:\\\/\\\/jb-cosmetics.fr\\\/wordpress\\\/#\\\/schema\\\/logo\\\/image\\\/\"}}]}<\/script>\n<!-- \/ Yoast SEO plugin. -->","yoast_head_json":{"title":"Eye-liner noir intense - JB Cosmetics","description":"JB Cosmetics red\u00e9finit l'intensit\u00e9 du regard avec son eye-liner noir intense. Pr\u00e9cision parfaite, s\u00e9duction assur\u00e9e. D\u00e9couvrez l'excellence en beaut\u00e9.","robots":{"index":"noindex","follow":"follow","max-snippet":"max-snippet:-1","max-image-preview":"max-image-preview:large","max-video-preview":"max-video-preview:-1"},"og_locale":"fr_FR","og_type":"article","og_title":"Eye-liner noir intense - JB Cosmetics","og_description":"JB Cosmetics red\u00e9finit l'intensit\u00e9 du regard avec son eye-liner noir intense. Pr\u00e9cision parfaite, s\u00e9duction assur\u00e9e. D\u00e9couvrez l'excellence en beaut\u00e9.","og_url":"https:\/\/jb-cosmetics.fr\/wordpress\/product\/eye-liner-noir-intense\/","og_site_name":"JB Cosmetics","article_modified_time":"2025-01-10T22:23:24+00:00","og_image":[{"width":1000,"height":667,"url":"https:\/\/jb-cosmetics.fr\/wordpress\/wp-content\/uploads\/2025\/01\/Eyeliner-noir-intense.png","type":"image\/png"}],"twitter_card":"summary_large_image","twitter_misc":{"Dur\u00e9e de lecture estim\u00e9e":"1 minute"},"schema":{"@context":"https:\/\/schema.org","@graph":[{"@type":"WebPage","@id":"https:\/\/jb-cosmetics.fr\/wordpress\/product\/eye-liner-noir-intense\/","url":"https:\/\/jb-cosmetics.fr\/wordpress\/product\/eye-liner-noir-intense\/","name":"Eye-liner noir intense - JB Cosmetics","isPartOf":{"@id":"https:\/\/jb-cosmetics.fr\/wordpress\/#website"},"primaryImageOfPage":{"@id":"https:\/\/jb-cosmetics.fr\/wordpress\/product\/eye-liner-noir-intense\/#primaryimage"},"image":{"@id":"https:\/\/jb-cosmetics.fr\/wordpress\/product\/eye-liner-noir-intense\/#primaryimage"},"thumbnailUrl":"https:\/\/jb-cosmetics.fr\/wordpress\/wp-content\/uploads\/2025\/01\/Eyeliner-noir-intense.png","datePublished":"2024-02-19T12:04:59+00:00","dateModified":"2025-01-10T22:23:24+00:00","description":"JB Cosmetics red\u00e9finit l'intensit\u00e9 du regard avec son eye-liner noir intense. Pr\u00e9cision parfaite, s\u00e9duction assur\u00e9e. D\u00e9couvrez l'excellence en beaut\u00e9.","breadcrumb":{"@id":"https:\/\/jb-cosmetics.fr\/wordpress\/product\/eye-liner-noir-intense\/#breadcrumb"},"inLanguage":"fr-FR","potentialAction":[{"@type":"ReadAction","target":["https:\/\/jb-cosmetics.fr\/wordpress\/product\/eye-liner-noir-intense\/"]}]},{"@type":"ImageObject","inLanguage":"fr-FR","@id":"https:\/\/jb-cosmetics.fr\/wordpress\/product\/eye-liner-noir-intense\/#primaryimage","url":"https:\/\/jb-cosmetics.fr\/wordpress\/wp-content\/uploads\/2025\/01\/Eyeliner-noir-intense.png","contentUrl":"https:\/\/jb-cosmetics.fr\/wordpress\/wp-content\/uploads\/2025\/01\/Eyeliner-noir-intense.png","width":1000,"height":667},{"@type":"BreadcrumbList","@id":"https:\/\/jb-cosmetics.fr\/wordpress\/product\/eye-liner-noir-intense\/#breadcrumb","itemListElement":[{"@type":"ListItem","position":1,"name":"Accueil","item":"https:\/\/jb-cosmetics.fr\/wordpress\/"},{"@type":"ListItem","position":2,"name":"Produits","item":"https:\/\/jb-cosmetics.fr\/wordpress\/shop\/"},{"@type":"ListItem","position":3,"name":"Eye-liner noir intense"}]},{"@type":"WebSite","@id":"https:\/\/jb-cosmetics.fr\/wordpress\/#website","url":"https:\/\/jb-cosmetics.fr\/wordpress\/","name":"JB Cosmetics","description":"","publisher":{"@id":"https:\/\/jb-cosmetics.fr\/wordpress\/#organization"},"potentialAction":[{"@type":"SearchAction","target":{"@type":"EntryPoint","urlTemplate":"https:\/\/jb-cosmetics.fr\/wordpress\/?s={search_term_string}"},"query-input":{"@type":"PropertyValueSpecification","valueRequired":true,"valueName":"search_term_string"}}],"inLanguage":"fr-FR"},{"@type":"Organization","@id":"https:\/\/jb-cosmetics.fr\/wordpress\/#organization","name":"JB Cosmetics","url":"https:\/\/jb-cosmetics.fr\/wordpress\/","logo":{"@type":"ImageObject","inLanguage":"fr-FR","@id":"https:\/\/jb-cosmetics.fr\/wordpress\/#\/schema\/logo\/image\/","url":"https:\/\/jb-cosmetics.fr\/wordpress\/wp-content\/uploads\/2024\/02\/Logo.png","contentUrl":"https:\/\/jb-cosmetics.fr\/wordpress\/wp-content\/uploads\/2024\/02\/Logo.png","width":225,"height":220,"caption":"JB Cosmetics"},"image":{"@id":"https:\/\/jb-cosmetics.fr\/wordpress\/#\/schema\/logo\/image\/"}}]}},"_links":{"self":[{"href":"https:\/\/jb-cosmetics.fr\/wordpress\/wp-json\/wp\/v2\/product\/2867","targetHints":{"allow":["GET"]}}],"collection":[{"href":"https:\/\/jb-cosmetics.fr\/wordpress\/wp-json\/wp\/v2\/product"}],"about":[{"href":"https:\/\/jb-cosmetics.fr\/wordpress\/wp-json\/wp\/v2\/types\/product"}],"replies":[{"embeddable":true,"href":"https:\/\/jb-cosmetics.fr\/wordpress\/wp-json\/wp\/v2\/comments?post=2867"}],"version-history":[{"count":2,"href":"https:\/\/jb-cosmetics.fr\/wordpress\/wp-json\/wp\/v2\/product\/2867\/revisions"}],"predecessor-version":[{"id":4407,"href":"https:\/\/jb-cosmetics.fr\/wordpress\/wp-json\/wp\/v2\/product\/2867\/revisions\/4407"}],"wp:featuredmedia":[{"embeddable":true,"href":"https:\/\/jb-cosmetics.fr\/wordpress\/wp-json\/wp\/v2\/media\/4545"}],"wp:attachment":[{"href":"https:\/\/jb-cosmetics.fr\/wordpress\/wp-json\/wp\/v2\/media?parent=2867"}],"wp:term":[{"taxonomy":"product_brand","embeddable":true,"href":"https:\/\/jb-cosmetics.fr\/wordpress\/wp-json\/wp\/v2\/product_brand?post=2867"},{"taxonomy":"product_cat","embeddable":true,"href":"https:\/\/jb-cosmetics.fr\/wordpress\/wp-json\/wp\/v2\/product_cat?post=2867"},{"taxonomy":"product_tag","embeddable":true,"href":"https:\/\/jb-cosmetics.fr\/wordpress\/wp-json\/wp\/v2\/product_tag?post=2867"}],"curies":[{"name":"wp","href":"https:\/\/api.w.org\/{rel}","templated":true}]}}