{"id":2459,"date":"2024-02-15T22:26:49","date_gmt":"2024-02-15T21:26:49","guid":{"rendered":"https:\/\/jb-cosmetics.fr\/wordpress\/?page_id=2459"},"modified":"2025-01-11T10:27:44","modified_gmt":"2025-01-11T09:27:44","slug":"soins-pour-les-hommes","status":"publish","type":"page","link":"https:\/\/jb-cosmetics.fr\/wordpress\/les-produits-jb-cosmetics\/soins-pour-les-hommes\/","title":{"rendered":"Soins pour les hommes"},"content":{"rendered":"\t\t<div data-elementor-type=\"wp-page\" data-elementor-id=\"2459\" class=\"elementor elementor-2459\">\n\t\t\t\t<div class=\"elementor-element elementor-element-6c7e181 e-flex e-con-boxed wpr-particle-no wpr-jarallax-no wpr-parallax-no wpr-sticky-section-no e-con e-parent\" data-id=\"6c7e181\" data-element_type=\"container\" data-e-type=\"container\">\n\t\t\t\t\t<div class=\"e-con-inner\">\n\t\t\t\t<div class=\"elementor-element elementor-element-38bc76b elementor-widget elementor-widget-heading\" data-id=\"38bc76b\" data-element_type=\"widget\" data-e-type=\"widget\" data-widget_type=\"heading.default\">\n\t\t\t\t<div class=\"elementor-widget-container\">\n\t\t\t\t\t<h2 class=\"elementor-heading-title elementor-size-default\">Soins pour les hommes<\/h2>\t\t\t\t<\/div>\n\t\t\t\t<\/div>\n\t\t\t\t<div class=\"elementor-element elementor-element-fa832e0 elementor-widget elementor-widget-spacer\" data-id=\"fa832e0\" data-element_type=\"widget\" data-e-type=\"widget\" data-widget_type=\"spacer.default\">\n\t\t\t\t<div class=\"elementor-widget-container\">\n\t\t\t\t\t\t\t<div class=\"elementor-spacer\">\n\t\t\t<div class=\"elementor-spacer-inner\"><\/div>\n\t\t<\/div>\n\t\t\t\t\t\t<\/div>\n\t\t\t\t<\/div>\n\t\t\t\t\t<\/div>\n\t\t\t\t<\/div>\n\t\t<div class=\"elementor-element elementor-element-88bbfa4 e-flex e-con-boxed wpr-particle-no wpr-jarallax-no wpr-parallax-no wpr-sticky-section-no e-con e-parent\" data-id=\"88bbfa4\" data-element_type=\"container\" data-e-type=\"container\">\n\t\t\t\t\t<div class=\"e-con-inner\">\n\t\t\t\t<div class=\"elementor-element elementor-element-827dd16 elementor-widget elementor-widget-text-editor\" data-id=\"827dd16\" data-element_type=\"widget\" data-e-type=\"widget\" data-widget_type=\"text-editor.default\">\n\t\t\t\t<div class=\"elementor-widget-container\">\n\t\t\t\t\t\t\t\t\t<p>Plongez dans l&rsquo;univers exquis de la beaut\u00e9 masculine avec la gamme de soins pour hommes de JB Cosmetics, une collection con\u00e7ue pour les hommes modernes soucieux de leur apparence et de leur bien-\u00eatre. Nos produits incarnent l&rsquo;alliance parfaite entre la force brute et la sophistication, offrant une exp\u00e9rience de soin in\u00e9gal\u00e9e qui va au-del\u00e0 des attentes.<\/p><p>Les soins pour hommes de JB Cosmetics sont le fruit d&rsquo;une recherche approfondie et de l&rsquo;utilisation judicieuse d&rsquo;ingr\u00e9dients naturels. Chaque produit est formul\u00e9 pour r\u00e9pondre aux besoins sp\u00e9cifiques de la peau masculine, en exploitant les bienfaits de la nature tout en int\u00e9grant les derni\u00e8res avanc\u00e9es scientifiques. Cette synergie cr\u00e9e une gamme de soins non seulement performante mais \u00e9galement respectueuse de votre peau.<\/p><p>Notre collection simplifie la routine de soins masculins, offrant des produits polyvalents qui s&rsquo;adaptent parfaitement \u00e0 votre style de vie dynamique. Que vous ayez besoin d&rsquo;un nettoyant revigorant pour le matin, d&rsquo;un hydratant apaisant pour la journ\u00e9e ou d&rsquo;une solution de rasage douce pour la soir\u00e9e, JB Cosmetics propose des solutions int\u00e9grales qui r\u00e9pondent \u00e0 tous vos besoins de soins quotidiens.<\/p><p>Nos formulations avanc\u00e9es int\u00e8grent des technologies de pointe pour cibler les probl\u00e8mes sp\u00e9cifiques \u00e0 la peau masculine, tels que les signes de vieillissement pr\u00e9matur\u00e9, les irritations li\u00e9es au rasage et la s\u00e9cheresse cutan\u00e9e. Chaque produit vise \u00e0 am\u00e9liorer la texture, l&rsquo;\u00e9lasticit\u00e9 et l&rsquo;apparence g\u00e9n\u00e9rale de la peau, vous laissant avec une sensation de fra\u00eecheur et de confiance tout au long de la journ\u00e9e.<\/p><p>Chez JB Cosmetics, nous nous engageons \u00e0 d\u00e9passer les normes en mati\u00e8re de soins pour hommes. Nos produits sont \u00e9labor\u00e9s avec soin, en \u00e9vitant les ingr\u00e9dients agressifs tout en adoptant des pratiques durables. Nous croyons en l&rsquo;alliance entre le bien-\u00eatre de votre peau et celui de la plan\u00e8te.<\/p><p>Explorez la sophistication et la puissance v\u00e9ritables avec les soins pour hommes de JB Cosmetics. Red\u00e9finissez votre routine de soins et d\u00e9couvrez la v\u00e9ritable \u00e9l\u00e9gance qui r\u00e9side dans chaque produit de notre collection exclusive.<\/p>\t\t\t\t\t\t\t\t<\/div>\n\t\t\t\t<\/div>\n\t\t\t\t<div class=\"elementor-element elementor-element-718246a elementor-widget elementor-widget-spacer\" data-id=\"718246a\" data-element_type=\"widget\" data-e-type=\"widget\" data-widget_type=\"spacer.default\">\n\t\t\t\t<div class=\"elementor-widget-container\">\n\t\t\t\t\t\t\t<div class=\"elementor-spacer\">\n\t\t\t<div class=\"elementor-spacer-inner\"><\/div>\n\t\t<\/div>\n\t\t\t\t\t\t<\/div>\n\t\t\t\t<\/div>\n\t\t\t\t<div class=\"elementor-element elementor-element-779be1d elementor-align-center elementor-widget elementor-widget-shopengine-product-list\" data-id=\"779be1d\" data-element_type=\"widget\" data-e-type=\"widget\" data-settings=\"{&quot;show_product_hover_overlay&quot;:&quot;yes&quot;,&quot;product_hover_overlay_position&quot;:&quot;bottom&quot;}\" data-widget_type=\"shopengine-product-list.default\">\n\t\t\t\t<div class=\"elementor-widget-container\">\n\t\t\t\t\t<div class=\"shopengine shopengine-widget\"><\/div>\t\t\t\t<\/div>\n\t\t\t\t<\/div>\n\t\t\t\t\t<\/div>\n\t\t\t\t<\/div>\n\t\t<div class=\"elementor-element elementor-element-38a2a0e e-flex e-con-boxed wpr-particle-no wpr-jarallax-no wpr-parallax-no wpr-sticky-section-no e-con e-parent\" data-id=\"38a2a0e\" data-element_type=\"container\" data-e-type=\"container\">\n\t\t\t\t\t<div class=\"e-con-inner\">\n\t\t\t\t<div class=\"elementor-element elementor-element-64958d1 elementor-widget elementor-widget-spacer\" data-id=\"64958d1\" data-element_type=\"widget\" data-e-type=\"widget\" data-widget_type=\"spacer.default\">\n\t\t\t\t<div class=\"elementor-widget-container\">\n\t\t\t\t\t\t\t<div class=\"elementor-spacer\">\n\t\t\t<div class=\"elementor-spacer-inner\"><\/div>\n\t\t<\/div>\n\t\t\t\t\t\t<\/div>\n\t\t\t\t<\/div>\n\t\t\t\t\t<\/div>\n\t\t\t\t<\/div>\n\t\t\t\t<\/div>\n\t\t","protected":false},"excerpt":{"rendered":"<p>Soins pour les hommes Plongez dans l&rsquo;univers exquis de la beaut\u00e9 masculine avec la gamme de soins pour hommes de JB Cosmetics, une collection con\u00e7ue pour les hommes modernes soucieux de leur apparence et de leur bien-\u00eatre. Nos produits incarnent l&rsquo;alliance parfaite entre la force brute et la sophistication, offrant une exp\u00e9rience de soin in\u00e9gal\u00e9e qui va au-del\u00e0 des attentes. Les soins pour hommes de JB Cosmetics sont le fruit d&rsquo;une recherche approfondie et de l&rsquo;utilisation judicieuse d&rsquo;ingr\u00e9dients naturels. Chaque produit est formul\u00e9 pour r\u00e9pondre aux besoins sp\u00e9cifiques de la peau masculine, en exploitant les bienfaits de la nature tout en int\u00e9grant les derni\u00e8res avanc\u00e9es scientifiques. Cette synergie cr\u00e9e une gamme de soins non seulement performante mais \u00e9galement respectueuse de votre peau. Notre collection simplifie la routine de soins masculins, offrant des produits polyvalents qui s&rsquo;adaptent parfaitement \u00e0 votre style de vie dynamique. Que vous ayez besoin d&rsquo;un nettoyant revigorant pour le matin, d&rsquo;un hydratant apaisant pour la journ\u00e9e ou d&rsquo;une solution de rasage douce pour la soir\u00e9e, JB Cosmetics propose des solutions int\u00e9grales qui r\u00e9pondent \u00e0 tous vos besoins de soins quotidiens. Nos formulations avanc\u00e9es int\u00e8grent des technologies de pointe pour cibler les probl\u00e8mes sp\u00e9cifiques \u00e0 la peau masculine, tels que les signes de vieillissement pr\u00e9matur\u00e9, les irritations li\u00e9es au rasage et la s\u00e9cheresse cutan\u00e9e. Chaque produit vise \u00e0 am\u00e9liorer la texture, l&rsquo;\u00e9lasticit\u00e9 et l&rsquo;apparence g\u00e9n\u00e9rale de la peau, vous laissant avec une sensation de fra\u00eecheur et de confiance tout au long de la journ\u00e9e. Chez JB Cosmetics, nous nous engageons \u00e0 d\u00e9passer les normes en mati\u00e8re de soins pour hommes. Nos produits sont \u00e9labor\u00e9s avec soin, en \u00e9vitant les ingr\u00e9dients agressifs tout en adoptant des pratiques durables. Nous croyons en l&rsquo;alliance entre le bien-\u00eatre de votre peau et celui de la plan\u00e8te. Explorez la sophistication et la puissance v\u00e9ritables avec les soins pour hommes de JB Cosmetics. Red\u00e9finissez votre routine de soins et d\u00e9couvrez la v\u00e9ritable \u00e9l\u00e9gance qui r\u00e9side dans chaque produit de notre collection exclusive. Ajouter au panier Soins pour les hommes Lotion Tonique et Apaisante pour lui au Santal Note 0 sur 5(0) 8,00&nbsp;&euro; Ajouter au panier Soins pour les hommes Huile \u00e0 barbe &#8220;acc\u00e9l\u00e9ratrice de pousse&#8221; Note 0 sur 5(0) 11,50&nbsp;&euro; Ajouter au panier Soins pour le corps Parfum &#8220;L&#8217;eau d&#8217;\u00e9pices&#8221; Note 0 sur 5(0) 19,50&nbsp;&euro;<\/p>\n","protected":false},"author":1,"featured_media":2840,"parent":2449,"menu_order":0,"comment_status":"closed","ping_status":"closed","template":"elementor_header_footer","meta":{"footnotes":""},"class_list":["post-2459","page","type-page","status-publish","has-post-thumbnail","hentry","entry","has-media","owp-thumbs-layout-horizontal","owp-btn-normal","owp-tabs-layout-horizontal","has-no-thumbnails","has-product-nav"],"yoast_head":"<!-- This site is optimized with the Yoast SEO plugin v27.3 - https:\/\/yoast.com\/product\/yoast-seo-wordpress\/ -->\n<title>Soins pour les hommes - JB Cosmetics<\/title>\n<meta name=\"description\" content=\"JB Cosmetics : les soins pour les hommes. Messieurs, ces soins vous donneront une peau dynamique au quotidien.\" \/>\n<meta name=\"robots\" content=\"noindex, follow, max-snippet:-1, max-image-preview:large, max-video-preview:-1\" \/>\n<meta property=\"og:locale\" content=\"fr_FR\" \/>\n<meta property=\"og:type\" content=\"article\" \/>\n<meta property=\"og:title\" content=\"Soins pour les hommes - JB Cosmetics\" \/>\n<meta property=\"og:description\" content=\"JB Cosmetics : les soins pour les hommes. Messieurs, ces soins vous donneront une peau dynamique au quotidien.\" \/>\n<meta property=\"og:url\" content=\"https:\/\/jb-cosmetics.fr\/wordpress\/les-produits-jb-cosmetics\/soins-pour-les-hommes\/\" \/>\n<meta property=\"og:site_name\" content=\"JB Cosmetics\" \/>\n<meta property=\"article:modified_time\" content=\"2025-01-11T09:27:44+00:00\" \/>\n<meta property=\"og:image\" content=\"https:\/\/jb-cosmetics.fr\/wordpress\/wp-content\/uploads\/2024\/02\/pexels-august-de-richelieu-7433337-scaled.jpg\" \/>\n\t<meta property=\"og:image:width\" content=\"2560\" \/>\n\t<meta property=\"og:image:height\" content=\"1709\" \/>\n\t<meta property=\"og:image:type\" content=\"image\/jpeg\" \/>\n<meta name=\"twitter:card\" content=\"summary_large_image\" \/>\n<meta name=\"twitter:label1\" content=\"Dur\u00e9e de lecture estim\u00e9e\" \/>\n\t<meta name=\"twitter:data1\" content=\"3 minutes\" \/>\n<script type=\"application\/ld+json\" class=\"yoast-schema-graph\">{\"@context\":\"https:\\\/\\\/schema.org\",\"@graph\":[{\"@type\":\"WebPage\",\"@id\":\"https:\\\/\\\/jb-cosmetics.fr\\\/wordpress\\\/les-produits-jb-cosmetics\\\/soins-pour-les-hommes\\\/\",\"url\":\"https:\\\/\\\/jb-cosmetics.fr\\\/wordpress\\\/les-produits-jb-cosmetics\\\/soins-pour-les-hommes\\\/\",\"name\":\"Soins pour les hommes - JB Cosmetics\",\"isPartOf\":{\"@id\":\"https:\\\/\\\/jb-cosmetics.fr\\\/wordpress\\\/#website\"},\"primaryImageOfPage\":{\"@id\":\"https:\\\/\\\/jb-cosmetics.fr\\\/wordpress\\\/les-produits-jb-cosmetics\\\/soins-pour-les-hommes\\\/#primaryimage\"},\"image\":{\"@id\":\"https:\\\/\\\/jb-cosmetics.fr\\\/wordpress\\\/les-produits-jb-cosmetics\\\/soins-pour-les-hommes\\\/#primaryimage\"},\"thumbnailUrl\":\"https:\\\/\\\/jb-cosmetics.fr\\\/wordpress\\\/wp-content\\\/uploads\\\/2024\\\/02\\\/pexels-august-de-richelieu-7433337-scaled.jpg\",\"datePublished\":\"2024-02-15T21:26:49+00:00\",\"dateModified\":\"2025-01-11T09:27:44+00:00\",\"description\":\"JB Cosmetics : les soins pour les hommes. Messieurs, ces soins vous donneront une peau dynamique au quotidien.\",\"breadcrumb\":{\"@id\":\"https:\\\/\\\/jb-cosmetics.fr\\\/wordpress\\\/les-produits-jb-cosmetics\\\/soins-pour-les-hommes\\\/#breadcrumb\"},\"inLanguage\":\"fr-FR\",\"potentialAction\":[{\"@type\":\"ReadAction\",\"target\":[\"https:\\\/\\\/jb-cosmetics.fr\\\/wordpress\\\/les-produits-jb-cosmetics\\\/soins-pour-les-hommes\\\/\"]}]},{\"@type\":\"ImageObject\",\"inLanguage\":\"fr-FR\",\"@id\":\"https:\\\/\\\/jb-cosmetics.fr\\\/wordpress\\\/les-produits-jb-cosmetics\\\/soins-pour-les-hommes\\\/#primaryimage\",\"url\":\"https:\\\/\\\/jb-cosmetics.fr\\\/wordpress\\\/wp-content\\\/uploads\\\/2024\\\/02\\\/pexels-august-de-richelieu-7433337-scaled.jpg\",\"contentUrl\":\"https:\\\/\\\/jb-cosmetics.fr\\\/wordpress\\\/wp-content\\\/uploads\\\/2024\\\/02\\\/pexels-august-de-richelieu-7433337-scaled.jpg\",\"width\":2560,\"height\":1709,\"caption\":\"homme noir qui se pose un soin sur le visage\"},{\"@type\":\"BreadcrumbList\",\"@id\":\"https:\\\/\\\/jb-cosmetics.fr\\\/wordpress\\\/les-produits-jb-cosmetics\\\/soins-pour-les-hommes\\\/#breadcrumb\",\"itemListElement\":[{\"@type\":\"ListItem\",\"position\":1,\"name\":\"Accueil\",\"item\":\"https:\\\/\\\/jb-cosmetics.fr\\\/wordpress\\\/\"},{\"@type\":\"ListItem\",\"position\":2,\"name\":\"Mes produits\",\"item\":\"https:\\\/\\\/jb-cosmetics.fr\\\/wordpress\\\/les-produits-jb-cosmetics\\\/\"},{\"@type\":\"ListItem\",\"position\":3,\"name\":\"Soins pour les hommes\"}]},{\"@type\":\"WebSite\",\"@id\":\"https:\\\/\\\/jb-cosmetics.fr\\\/wordpress\\\/#website\",\"url\":\"https:\\\/\\\/jb-cosmetics.fr\\\/wordpress\\\/\",\"name\":\"JB Cosmetics\",\"description\":\"\",\"publisher\":{\"@id\":\"https:\\\/\\\/jb-cosmetics.fr\\\/wordpress\\\/#organization\"},\"potentialAction\":[{\"@type\":\"SearchAction\",\"target\":{\"@type\":\"EntryPoint\",\"urlTemplate\":\"https:\\\/\\\/jb-cosmetics.fr\\\/wordpress\\\/?s={search_term_string}\"},\"query-input\":{\"@type\":\"PropertyValueSpecification\",\"valueRequired\":true,\"valueName\":\"search_term_string\"}}],\"inLanguage\":\"fr-FR\"},{\"@type\":\"Organization\",\"@id\":\"https:\\\/\\\/jb-cosmetics.fr\\\/wordpress\\\/#organization\",\"name\":\"JB Cosmetics\",\"url\":\"https:\\\/\\\/jb-cosmetics.fr\\\/wordpress\\\/\",\"logo\":{\"@type\":\"ImageObject\",\"inLanguage\":\"fr-FR\",\"@id\":\"https:\\\/\\\/jb-cosmetics.fr\\\/wordpress\\\/#\\\/schema\\\/logo\\\/image\\\/\",\"url\":\"https:\\\/\\\/jb-cosmetics.fr\\\/wordpress\\\/wp-content\\\/uploads\\\/2024\\\/02\\\/Logo.png\",\"contentUrl\":\"https:\\\/\\\/jb-cosmetics.fr\\\/wordpress\\\/wp-content\\\/uploads\\\/2024\\\/02\\\/Logo.png\",\"width\":225,\"height\":220,\"caption\":\"JB Cosmetics\"},\"image\":{\"@id\":\"https:\\\/\\\/jb-cosmetics.fr\\\/wordpress\\\/#\\\/schema\\\/logo\\\/image\\\/\"}}]}<\/script>\n<!-- \/ Yoast SEO plugin. -->","yoast_head_json":{"title":"Soins pour les hommes - JB Cosmetics","description":"JB Cosmetics : les soins pour les hommes. Messieurs, ces soins vous donneront une peau dynamique au quotidien.","robots":{"index":"noindex","follow":"follow","max-snippet":"max-snippet:-1","max-image-preview":"max-image-preview:large","max-video-preview":"max-video-preview:-1"},"og_locale":"fr_FR","og_type":"article","og_title":"Soins pour les hommes - JB Cosmetics","og_description":"JB Cosmetics : les soins pour les hommes. Messieurs, ces soins vous donneront une peau dynamique au quotidien.","og_url":"https:\/\/jb-cosmetics.fr\/wordpress\/les-produits-jb-cosmetics\/soins-pour-les-hommes\/","og_site_name":"JB Cosmetics","article_modified_time":"2025-01-11T09:27:44+00:00","og_image":[{"width":2560,"height":1709,"url":"https:\/\/jb-cosmetics.fr\/wordpress\/wp-content\/uploads\/2024\/02\/pexels-august-de-richelieu-7433337-scaled.jpg","type":"image\/jpeg"}],"twitter_card":"summary_large_image","twitter_misc":{"Dur\u00e9e de lecture estim\u00e9e":"3 minutes"},"schema":{"@context":"https:\/\/schema.org","@graph":[{"@type":"WebPage","@id":"https:\/\/jb-cosmetics.fr\/wordpress\/les-produits-jb-cosmetics\/soins-pour-les-hommes\/","url":"https:\/\/jb-cosmetics.fr\/wordpress\/les-produits-jb-cosmetics\/soins-pour-les-hommes\/","name":"Soins pour les hommes - JB Cosmetics","isPartOf":{"@id":"https:\/\/jb-cosmetics.fr\/wordpress\/#website"},"primaryImageOfPage":{"@id":"https:\/\/jb-cosmetics.fr\/wordpress\/les-produits-jb-cosmetics\/soins-pour-les-hommes\/#primaryimage"},"image":{"@id":"https:\/\/jb-cosmetics.fr\/wordpress\/les-produits-jb-cosmetics\/soins-pour-les-hommes\/#primaryimage"},"thumbnailUrl":"https:\/\/jb-cosmetics.fr\/wordpress\/wp-content\/uploads\/2024\/02\/pexels-august-de-richelieu-7433337-scaled.jpg","datePublished":"2024-02-15T21:26:49+00:00","dateModified":"2025-01-11T09:27:44+00:00","description":"JB Cosmetics : les soins pour les hommes. Messieurs, ces soins vous donneront une peau dynamique au quotidien.","breadcrumb":{"@id":"https:\/\/jb-cosmetics.fr\/wordpress\/les-produits-jb-cosmetics\/soins-pour-les-hommes\/#breadcrumb"},"inLanguage":"fr-FR","potentialAction":[{"@type":"ReadAction","target":["https:\/\/jb-cosmetics.fr\/wordpress\/les-produits-jb-cosmetics\/soins-pour-les-hommes\/"]}]},{"@type":"ImageObject","inLanguage":"fr-FR","@id":"https:\/\/jb-cosmetics.fr\/wordpress\/les-produits-jb-cosmetics\/soins-pour-les-hommes\/#primaryimage","url":"https:\/\/jb-cosmetics.fr\/wordpress\/wp-content\/uploads\/2024\/02\/pexels-august-de-richelieu-7433337-scaled.jpg","contentUrl":"https:\/\/jb-cosmetics.fr\/wordpress\/wp-content\/uploads\/2024\/02\/pexels-august-de-richelieu-7433337-scaled.jpg","width":2560,"height":1709,"caption":"homme noir qui se pose un soin sur le visage"},{"@type":"BreadcrumbList","@id":"https:\/\/jb-cosmetics.fr\/wordpress\/les-produits-jb-cosmetics\/soins-pour-les-hommes\/#breadcrumb","itemListElement":[{"@type":"ListItem","position":1,"name":"Accueil","item":"https:\/\/jb-cosmetics.fr\/wordpress\/"},{"@type":"ListItem","position":2,"name":"Mes produits","item":"https:\/\/jb-cosmetics.fr\/wordpress\/les-produits-jb-cosmetics\/"},{"@type":"ListItem","position":3,"name":"Soins pour les hommes"}]},{"@type":"WebSite","@id":"https:\/\/jb-cosmetics.fr\/wordpress\/#website","url":"https:\/\/jb-cosmetics.fr\/wordpress\/","name":"JB Cosmetics","description":"","publisher":{"@id":"https:\/\/jb-cosmetics.fr\/wordpress\/#organization"},"potentialAction":[{"@type":"SearchAction","target":{"@type":"EntryPoint","urlTemplate":"https:\/\/jb-cosmetics.fr\/wordpress\/?s={search_term_string}"},"query-input":{"@type":"PropertyValueSpecification","valueRequired":true,"valueName":"search_term_string"}}],"inLanguage":"fr-FR"},{"@type":"Organization","@id":"https:\/\/jb-cosmetics.fr\/wordpress\/#organization","name":"JB Cosmetics","url":"https:\/\/jb-cosmetics.fr\/wordpress\/","logo":{"@type":"ImageObject","inLanguage":"fr-FR","@id":"https:\/\/jb-cosmetics.fr\/wordpress\/#\/schema\/logo\/image\/","url":"https:\/\/jb-cosmetics.fr\/wordpress\/wp-content\/uploads\/2024\/02\/Logo.png","contentUrl":"https:\/\/jb-cosmetics.fr\/wordpress\/wp-content\/uploads\/2024\/02\/Logo.png","width":225,"height":220,"caption":"JB Cosmetics"},"image":{"@id":"https:\/\/jb-cosmetics.fr\/wordpress\/#\/schema\/logo\/image\/"}}]}},"_links":{"self":[{"href":"https:\/\/jb-cosmetics.fr\/wordpress\/wp-json\/wp\/v2\/pages\/2459","targetHints":{"allow":["GET"]}}],"collection":[{"href":"https:\/\/jb-cosmetics.fr\/wordpress\/wp-json\/wp\/v2\/pages"}],"about":[{"href":"https:\/\/jb-cosmetics.fr\/wordpress\/wp-json\/wp\/v2\/types\/page"}],"author":[{"embeddable":true,"href":"https:\/\/jb-cosmetics.fr\/wordpress\/wp-json\/wp\/v2\/users\/1"}],"replies":[{"embeddable":true,"href":"https:\/\/jb-cosmetics.fr\/wordpress\/wp-json\/wp\/v2\/comments?post=2459"}],"version-history":[{"count":25,"href":"https:\/\/jb-cosmetics.fr\/wordpress\/wp-json\/wp\/v2\/pages\/2459\/revisions"}],"predecessor-version":[{"id":4615,"href":"https:\/\/jb-cosmetics.fr\/wordpress\/wp-json\/wp\/v2\/pages\/2459\/revisions\/4615"}],"up":[{"embeddable":true,"href":"https:\/\/jb-cosmetics.fr\/wordpress\/wp-json\/wp\/v2\/pages\/2449"}],"wp:featuredmedia":[{"embeddable":true,"href":"https:\/\/jb-cosmetics.fr\/wordpress\/wp-json\/wp\/v2\/media\/2840"}],"wp:attachment":[{"href":"https:\/\/jb-cosmetics.fr\/wordpress\/wp-json\/wp\/v2\/media?parent=2459"}],"curies":[{"name":"wp","href":"https:\/\/api.w.org\/{rel}","templated":true}]}}