{"id":2433,"date":"2024-02-15T22:22:27","date_gmt":"2024-02-15T21:22:27","guid":{"rendered":"https:\/\/jb-cosmetics.fr\/wordpress\/?page_id=2433"},"modified":"2025-01-10T13:07:44","modified_gmt":"2025-01-10T12:07:44","slug":"mon-histoire","status":"publish","type":"page","link":"https:\/\/jb-cosmetics.fr\/wordpress\/qui-suis-je\/mon-histoire\/","title":{"rendered":"Mon histoire"},"content":{"rendered":"\t\t<div data-elementor-type=\"wp-page\" data-elementor-id=\"2433\" class=\"elementor elementor-2433\">\n\t\t\t\t<div class=\"elementor-element elementor-element-11bfee2 e-flex e-con-boxed wpr-particle-no wpr-jarallax-no wpr-parallax-no wpr-sticky-section-no e-con e-parent\" data-id=\"11bfee2\" data-element_type=\"container\" data-e-type=\"container\">\n\t\t\t\t\t<div class=\"e-con-inner\">\n\t\t\t\t<div class=\"elementor-element elementor-element-d17e8b5 elementor-widget elementor-widget-heading\" data-id=\"d17e8b5\" data-element_type=\"widget\" data-e-type=\"widget\" data-widget_type=\"heading.default\">\n\t\t\t\t<div class=\"elementor-widget-container\">\n\t\t\t\t\t<h2 class=\"elementor-heading-title elementor-size-default\">Mon histoire<\/h2>\t\t\t\t<\/div>\n\t\t\t\t<\/div>\n\t\t\t\t<div class=\"elementor-element elementor-element-0898cbb elementor-widget elementor-widget-spacer\" data-id=\"0898cbb\" data-element_type=\"widget\" data-e-type=\"widget\" data-widget_type=\"spacer.default\">\n\t\t\t\t<div class=\"elementor-widget-container\">\n\t\t\t\t\t\t\t<div class=\"elementor-spacer\">\n\t\t\t<div class=\"elementor-spacer-inner\"><\/div>\n\t\t<\/div>\n\t\t\t\t\t\t<\/div>\n\t\t\t\t<\/div>\n\t\t\t\t<div class=\"elementor-element elementor-element-7cc4a05 elementor-widget elementor-widget-text-editor\" data-id=\"7cc4a05\" data-element_type=\"widget\" data-e-type=\"widget\" data-widget_type=\"text-editor.default\">\n\t\t\t\t<div class=\"elementor-widget-container\">\n\t\t\t\t\t\t\t\t\t<p>Je m&rsquo;appelle\u00a0<strong>Justine BOUFFARD<\/strong>\u00a0et je suis la fondatrice de la marque <strong>JB COSMETICS<\/strong>.<\/p><p>Auparavant je cr\u00e9ais des produits cosm\u00e9tiques \u00e0 base d\u2019ingr\u00e9dients naturels pour mon propre usage afin d&rsquo;\u00eatre plus respectueuse de ma peau ainsi que de la plan\u00e8te.<\/p><p>Puis il y a un peu plus de 3 an, j\u2019ai d\u00e9cid\u00e9 d&rsquo;ouvrir ma propre marque de produits cosm\u00e9tiques naturels, pour en faire profiter ma famille, mes amies et amis.<\/p><p>Eh oui messieurs, les femmes ne sont pas les seules \u00e0 prendre soin d&rsquo;elles et de leurs peaux&#8230;<\/p><p>D&rsquo;une nature curieuse, j&rsquo;aime d\u00e9couvrir de nouvelles choses et en apprendre davantage en faisant mes propres recherches.<\/p><p>En naviguant sur ce site, vous allez d\u00e9couvrir ma marque ainsi que les produits que je fabrique.<\/p>\t\t\t\t\t\t\t\t<\/div>\n\t\t\t\t<\/div>\n\t\t\t\t<div class=\"elementor-element elementor-element-d5e1f40 elementor-widget elementor-widget-spacer\" data-id=\"d5e1f40\" data-element_type=\"widget\" data-e-type=\"widget\" data-widget_type=\"spacer.default\">\n\t\t\t\t<div class=\"elementor-widget-container\">\n\t\t\t\t\t\t\t<div class=\"elementor-spacer\">\n\t\t\t<div class=\"elementor-spacer-inner\"><\/div>\n\t\t<\/div>\n\t\t\t\t\t\t<\/div>\n\t\t\t\t<\/div>\n\t\t\t\t<div class=\"elementor-element elementor-element-105f5f5 elementor-widget elementor-widget-image\" data-id=\"105f5f5\" data-element_type=\"widget\" data-e-type=\"widget\" data-widget_type=\"image.default\">\n\t\t\t\t<div class=\"elementor-widget-container\">\n\t\t\t\t\t\t\t\t\t\t\t\t\t\t\t<img fetchpriority=\"high\" decoding=\"async\" width=\"300\" height=\"300\" src=\"https:\/\/jb-cosmetics.fr\/wordpress\/wp-content\/uploads\/2024\/02\/mon_image-300x300.jpg\" class=\"attachment-medium size-medium wp-image-2597\" alt=\"Mon histoire\" srcset=\"https:\/\/jb-cosmetics.fr\/wordpress\/wp-content\/uploads\/2024\/02\/mon_image-300x300.jpg 300w, https:\/\/jb-cosmetics.fr\/wordpress\/wp-content\/uploads\/2024\/02\/mon_image-100x100.jpg 100w, https:\/\/jb-cosmetics.fr\/wordpress\/wp-content\/uploads\/2024\/02\/mon_image-600x600.jpg 600w, https:\/\/jb-cosmetics.fr\/wordpress\/wp-content\/uploads\/2024\/02\/mon_image-1024x1024.jpg 1024w, https:\/\/jb-cosmetics.fr\/wordpress\/wp-content\/uploads\/2024\/02\/mon_image-150x150.jpg 150w, https:\/\/jb-cosmetics.fr\/wordpress\/wp-content\/uploads\/2024\/02\/mon_image-768x768.jpg 768w, https:\/\/jb-cosmetics.fr\/wordpress\/wp-content\/uploads\/2024\/02\/mon_image.jpg 1080w\" sizes=\"(max-width: 300px) 100vw, 300px\" \/>\t\t\t\t\t\t\t\t\t\t\t\t\t\t\t<\/div>\n\t\t\t\t<\/div>\n\t\t\t\t\t<\/div>\n\t\t\t\t<\/div>\n\t\t<div class=\"elementor-element elementor-element-348fcbb e-flex e-con-boxed wpr-particle-no wpr-jarallax-no wpr-parallax-no wpr-sticky-section-no e-con e-parent\" data-id=\"348fcbb\" data-element_type=\"container\" data-e-type=\"container\">\n\t\t\t\t\t<div class=\"e-con-inner\">\n\t\t\t\t<div class=\"elementor-element elementor-element-bb14fd6 elementor-widget elementor-widget-spacer\" data-id=\"bb14fd6\" data-element_type=\"widget\" data-e-type=\"widget\" data-widget_type=\"spacer.default\">\n\t\t\t\t<div class=\"elementor-widget-container\">\n\t\t\t\t\t\t\t<div class=\"elementor-spacer\">\n\t\t\t<div class=\"elementor-spacer-inner\"><\/div>\n\t\t<\/div>\n\t\t\t\t\t\t<\/div>\n\t\t\t\t<\/div>\n\t\t\t\t\t<\/div>\n\t\t\t\t<\/div>\n\t\t<div class=\"elementor-element elementor-element-d4086cf e-flex e-con-boxed wpr-particle-no wpr-jarallax-no wpr-parallax-no wpr-sticky-section-no e-con e-parent\" data-id=\"d4086cf\" data-element_type=\"container\" data-e-type=\"container\">\n\t\t\t\t\t<div class=\"e-con-inner\">\n\t\t\t\t<div class=\"elementor-element elementor-element-b5312fc elementor-widget elementor-widget-spacer\" data-id=\"b5312fc\" data-element_type=\"widget\" data-e-type=\"widget\" data-widget_type=\"spacer.default\">\n\t\t\t\t<div class=\"elementor-widget-container\">\n\t\t\t\t\t\t\t<div class=\"elementor-spacer\">\n\t\t\t<div class=\"elementor-spacer-inner\"><\/div>\n\t\t<\/div>\n\t\t\t\t\t\t<\/div>\n\t\t\t\t<\/div>\n\t\t\t\t\t<\/div>\n\t\t\t\t<\/div>\n\t\t\t\t<\/div>\n\t\t","protected":false},"excerpt":{"rendered":"<p>Mon histoire Je m&rsquo;appelle\u00a0Justine BOUFFARD\u00a0et je suis la fondatrice de la marque JB COSMETICS. Auparavant je cr\u00e9ais des produits cosm\u00e9tiques \u00e0 base d\u2019ingr\u00e9dients naturels pour mon propre usage afin d&rsquo;\u00eatre plus respectueuse de ma peau ainsi que de la plan\u00e8te. Puis il y a un peu plus de 3 an, j\u2019ai d\u00e9cid\u00e9 d&rsquo;ouvrir ma propre marque de produits cosm\u00e9tiques naturels, pour en faire profiter ma famille, mes amies et amis. Eh oui messieurs, les femmes ne sont pas les seules \u00e0 prendre soin d&rsquo;elles et de leurs peaux&#8230; D&rsquo;une nature curieuse, j&rsquo;aime d\u00e9couvrir de nouvelles choses et en apprendre davantage en faisant mes propres recherches. En naviguant sur ce site, vous allez d\u00e9couvrir ma marque ainsi que les produits que je fabrique.<\/p>\n","protected":false},"author":1,"featured_media":0,"parent":2431,"menu_order":0,"comment_status":"closed","ping_status":"closed","template":"elementor_header_footer","meta":{"footnotes":""},"class_list":["post-2433","page","type-page","status-publish","hentry","entry","owp-thumbs-layout-horizontal","owp-btn-normal","owp-tabs-layout-horizontal","has-no-thumbnails","has-product-nav"],"yoast_head":"<!-- This site is optimized with the Yoast SEO plugin v27.3 - https:\/\/yoast.com\/product\/yoast-seo-wordpress\/ -->\n<title>Mon histoire - JB Cosmetics<\/title>\n<meta name=\"description\" content=\"Vous souhaitez appr\u00e9hender une nouvelle marque qui est respectueuse de la plan\u00e8te, venez d\u00e9couvrir mon histoire.\" \/>\n<meta name=\"robots\" content=\"noindex, follow, max-snippet:-1, max-image-preview:large, max-video-preview:-1\" \/>\n<meta property=\"og:locale\" content=\"fr_FR\" \/>\n<meta property=\"og:type\" content=\"article\" \/>\n<meta property=\"og:title\" content=\"Mon histoire - JB Cosmetics\" \/>\n<meta property=\"og:description\" content=\"Vous souhaitez appr\u00e9hender une nouvelle marque qui est respectueuse de la plan\u00e8te, venez d\u00e9couvrir mon histoire.\" \/>\n<meta property=\"og:url\" content=\"https:\/\/jb-cosmetics.fr\/wordpress\/qui-suis-je\/mon-histoire\/\" \/>\n<meta property=\"og:site_name\" content=\"JB Cosmetics\" \/>\n<meta property=\"article:modified_time\" content=\"2025-01-10T12:07:44+00:00\" \/>\n<meta property=\"og:image\" content=\"https:\/\/jb-cosmetics.fr\/wordpress\/wp-content\/uploads\/2024\/02\/mon_image.jpg\" \/>\n\t<meta property=\"og:image:width\" content=\"1080\" \/>\n\t<meta property=\"og:image:height\" content=\"1080\" \/>\n\t<meta property=\"og:image:type\" content=\"image\/jpeg\" \/>\n<meta name=\"twitter:card\" content=\"summary_large_image\" \/>\n<meta name=\"twitter:label1\" content=\"Dur\u00e9e de lecture estim\u00e9e\" \/>\n\t<meta name=\"twitter:data1\" content=\"1 minute\" \/>\n<script type=\"application\/ld+json\" class=\"yoast-schema-graph\">{\"@context\":\"https:\\\/\\\/schema.org\",\"@graph\":[{\"@type\":\"WebPage\",\"@id\":\"https:\\\/\\\/jb-cosmetics.fr\\\/wordpress\\\/qui-suis-je\\\/mon-histoire\\\/\",\"url\":\"https:\\\/\\\/jb-cosmetics.fr\\\/wordpress\\\/qui-suis-je\\\/mon-histoire\\\/\",\"name\":\"Mon histoire - JB Cosmetics\",\"isPartOf\":{\"@id\":\"https:\\\/\\\/jb-cosmetics.fr\\\/wordpress\\\/#website\"},\"primaryImageOfPage\":{\"@id\":\"https:\\\/\\\/jb-cosmetics.fr\\\/wordpress\\\/qui-suis-je\\\/mon-histoire\\\/#primaryimage\"},\"image\":{\"@id\":\"https:\\\/\\\/jb-cosmetics.fr\\\/wordpress\\\/qui-suis-je\\\/mon-histoire\\\/#primaryimage\"},\"thumbnailUrl\":\"https:\\\/\\\/jb-cosmetics.fr\\\/wordpress\\\/wp-content\\\/uploads\\\/2024\\\/02\\\/mon_image-300x300.jpg\",\"datePublished\":\"2024-02-15T21:22:27+00:00\",\"dateModified\":\"2025-01-10T12:07:44+00:00\",\"description\":\"Vous souhaitez appr\u00e9hender une nouvelle marque qui est respectueuse de la plan\u00e8te, venez d\u00e9couvrir mon histoire.\",\"breadcrumb\":{\"@id\":\"https:\\\/\\\/jb-cosmetics.fr\\\/wordpress\\\/qui-suis-je\\\/mon-histoire\\\/#breadcrumb\"},\"inLanguage\":\"fr-FR\",\"potentialAction\":[{\"@type\":\"ReadAction\",\"target\":[\"https:\\\/\\\/jb-cosmetics.fr\\\/wordpress\\\/qui-suis-je\\\/mon-histoire\\\/\"]}]},{\"@type\":\"ImageObject\",\"inLanguage\":\"fr-FR\",\"@id\":\"https:\\\/\\\/jb-cosmetics.fr\\\/wordpress\\\/qui-suis-je\\\/mon-histoire\\\/#primaryimage\",\"url\":\"https:\\\/\\\/jb-cosmetics.fr\\\/wordpress\\\/wp-content\\\/uploads\\\/2024\\\/02\\\/mon_image.jpg\",\"contentUrl\":\"https:\\\/\\\/jb-cosmetics.fr\\\/wordpress\\\/wp-content\\\/uploads\\\/2024\\\/02\\\/mon_image.jpg\",\"width\":1080,\"height\":1080,\"caption\":\"Mon histoire\"},{\"@type\":\"BreadcrumbList\",\"@id\":\"https:\\\/\\\/jb-cosmetics.fr\\\/wordpress\\\/qui-suis-je\\\/mon-histoire\\\/#breadcrumb\",\"itemListElement\":[{\"@type\":\"ListItem\",\"position\":1,\"name\":\"Accueil\",\"item\":\"https:\\\/\\\/jb-cosmetics.fr\\\/wordpress\\\/\"},{\"@type\":\"ListItem\",\"position\":2,\"name\":\"Qui suis-je ?\",\"item\":\"https:\\\/\\\/jb-cosmetics.fr\\\/wordpress\\\/qui-suis-je\\\/\"},{\"@type\":\"ListItem\",\"position\":3,\"name\":\"Mon histoire\"}]},{\"@type\":\"WebSite\",\"@id\":\"https:\\\/\\\/jb-cosmetics.fr\\\/wordpress\\\/#website\",\"url\":\"https:\\\/\\\/jb-cosmetics.fr\\\/wordpress\\\/\",\"name\":\"JB Cosmetics\",\"description\":\"\",\"publisher\":{\"@id\":\"https:\\\/\\\/jb-cosmetics.fr\\\/wordpress\\\/#organization\"},\"potentialAction\":[{\"@type\":\"SearchAction\",\"target\":{\"@type\":\"EntryPoint\",\"urlTemplate\":\"https:\\\/\\\/jb-cosmetics.fr\\\/wordpress\\\/?s={search_term_string}\"},\"query-input\":{\"@type\":\"PropertyValueSpecification\",\"valueRequired\":true,\"valueName\":\"search_term_string\"}}],\"inLanguage\":\"fr-FR\"},{\"@type\":\"Organization\",\"@id\":\"https:\\\/\\\/jb-cosmetics.fr\\\/wordpress\\\/#organization\",\"name\":\"JB Cosmetics\",\"url\":\"https:\\\/\\\/jb-cosmetics.fr\\\/wordpress\\\/\",\"logo\":{\"@type\":\"ImageObject\",\"inLanguage\":\"fr-FR\",\"@id\":\"https:\\\/\\\/jb-cosmetics.fr\\\/wordpress\\\/#\\\/schema\\\/logo\\\/image\\\/\",\"url\":\"https:\\\/\\\/jb-cosmetics.fr\\\/wordpress\\\/wp-content\\\/uploads\\\/2024\\\/02\\\/Logo.png\",\"contentUrl\":\"https:\\\/\\\/jb-cosmetics.fr\\\/wordpress\\\/wp-content\\\/uploads\\\/2024\\\/02\\\/Logo.png\",\"width\":225,\"height\":220,\"caption\":\"JB Cosmetics\"},\"image\":{\"@id\":\"https:\\\/\\\/jb-cosmetics.fr\\\/wordpress\\\/#\\\/schema\\\/logo\\\/image\\\/\"}}]}<\/script>\n<!-- \/ Yoast SEO plugin. -->","yoast_head_json":{"title":"Mon histoire - JB Cosmetics","description":"Vous souhaitez appr\u00e9hender une nouvelle marque qui est respectueuse de la plan\u00e8te, venez d\u00e9couvrir mon histoire.","robots":{"index":"noindex","follow":"follow","max-snippet":"max-snippet:-1","max-image-preview":"max-image-preview:large","max-video-preview":"max-video-preview:-1"},"og_locale":"fr_FR","og_type":"article","og_title":"Mon histoire - JB Cosmetics","og_description":"Vous souhaitez appr\u00e9hender une nouvelle marque qui est respectueuse de la plan\u00e8te, venez d\u00e9couvrir mon histoire.","og_url":"https:\/\/jb-cosmetics.fr\/wordpress\/qui-suis-je\/mon-histoire\/","og_site_name":"JB Cosmetics","article_modified_time":"2025-01-10T12:07:44+00:00","og_image":[{"width":1080,"height":1080,"url":"https:\/\/jb-cosmetics.fr\/wordpress\/wp-content\/uploads\/2024\/02\/mon_image.jpg","type":"image\/jpeg"}],"twitter_card":"summary_large_image","twitter_misc":{"Dur\u00e9e de lecture estim\u00e9e":"1 minute"},"schema":{"@context":"https:\/\/schema.org","@graph":[{"@type":"WebPage","@id":"https:\/\/jb-cosmetics.fr\/wordpress\/qui-suis-je\/mon-histoire\/","url":"https:\/\/jb-cosmetics.fr\/wordpress\/qui-suis-je\/mon-histoire\/","name":"Mon histoire - JB Cosmetics","isPartOf":{"@id":"https:\/\/jb-cosmetics.fr\/wordpress\/#website"},"primaryImageOfPage":{"@id":"https:\/\/jb-cosmetics.fr\/wordpress\/qui-suis-je\/mon-histoire\/#primaryimage"},"image":{"@id":"https:\/\/jb-cosmetics.fr\/wordpress\/qui-suis-je\/mon-histoire\/#primaryimage"},"thumbnailUrl":"https:\/\/jb-cosmetics.fr\/wordpress\/wp-content\/uploads\/2024\/02\/mon_image-300x300.jpg","datePublished":"2024-02-15T21:22:27+00:00","dateModified":"2025-01-10T12:07:44+00:00","description":"Vous souhaitez appr\u00e9hender une nouvelle marque qui est respectueuse de la plan\u00e8te, venez d\u00e9couvrir mon histoire.","breadcrumb":{"@id":"https:\/\/jb-cosmetics.fr\/wordpress\/qui-suis-je\/mon-histoire\/#breadcrumb"},"inLanguage":"fr-FR","potentialAction":[{"@type":"ReadAction","target":["https:\/\/jb-cosmetics.fr\/wordpress\/qui-suis-je\/mon-histoire\/"]}]},{"@type":"ImageObject","inLanguage":"fr-FR","@id":"https:\/\/jb-cosmetics.fr\/wordpress\/qui-suis-je\/mon-histoire\/#primaryimage","url":"https:\/\/jb-cosmetics.fr\/wordpress\/wp-content\/uploads\/2024\/02\/mon_image.jpg","contentUrl":"https:\/\/jb-cosmetics.fr\/wordpress\/wp-content\/uploads\/2024\/02\/mon_image.jpg","width":1080,"height":1080,"caption":"Mon histoire"},{"@type":"BreadcrumbList","@id":"https:\/\/jb-cosmetics.fr\/wordpress\/qui-suis-je\/mon-histoire\/#breadcrumb","itemListElement":[{"@type":"ListItem","position":1,"name":"Accueil","item":"https:\/\/jb-cosmetics.fr\/wordpress\/"},{"@type":"ListItem","position":2,"name":"Qui suis-je ?","item":"https:\/\/jb-cosmetics.fr\/wordpress\/qui-suis-je\/"},{"@type":"ListItem","position":3,"name":"Mon histoire"}]},{"@type":"WebSite","@id":"https:\/\/jb-cosmetics.fr\/wordpress\/#website","url":"https:\/\/jb-cosmetics.fr\/wordpress\/","name":"JB Cosmetics","description":"","publisher":{"@id":"https:\/\/jb-cosmetics.fr\/wordpress\/#organization"},"potentialAction":[{"@type":"SearchAction","target":{"@type":"EntryPoint","urlTemplate":"https:\/\/jb-cosmetics.fr\/wordpress\/?s={search_term_string}"},"query-input":{"@type":"PropertyValueSpecification","valueRequired":true,"valueName":"search_term_string"}}],"inLanguage":"fr-FR"},{"@type":"Organization","@id":"https:\/\/jb-cosmetics.fr\/wordpress\/#organization","name":"JB Cosmetics","url":"https:\/\/jb-cosmetics.fr\/wordpress\/","logo":{"@type":"ImageObject","inLanguage":"fr-FR","@id":"https:\/\/jb-cosmetics.fr\/wordpress\/#\/schema\/logo\/image\/","url":"https:\/\/jb-cosmetics.fr\/wordpress\/wp-content\/uploads\/2024\/02\/Logo.png","contentUrl":"https:\/\/jb-cosmetics.fr\/wordpress\/wp-content\/uploads\/2024\/02\/Logo.png","width":225,"height":220,"caption":"JB Cosmetics"},"image":{"@id":"https:\/\/jb-cosmetics.fr\/wordpress\/#\/schema\/logo\/image\/"}}]}},"_links":{"self":[{"href":"https:\/\/jb-cosmetics.fr\/wordpress\/wp-json\/wp\/v2\/pages\/2433","targetHints":{"allow":["GET"]}}],"collection":[{"href":"https:\/\/jb-cosmetics.fr\/wordpress\/wp-json\/wp\/v2\/pages"}],"about":[{"href":"https:\/\/jb-cosmetics.fr\/wordpress\/wp-json\/wp\/v2\/types\/page"}],"author":[{"embeddable":true,"href":"https:\/\/jb-cosmetics.fr\/wordpress\/wp-json\/wp\/v2\/users\/1"}],"replies":[{"embeddable":true,"href":"https:\/\/jb-cosmetics.fr\/wordpress\/wp-json\/wp\/v2\/comments?post=2433"}],"version-history":[{"count":22,"href":"https:\/\/jb-cosmetics.fr\/wordpress\/wp-json\/wp\/v2\/pages\/2433\/revisions"}],"predecessor-version":[{"id":4364,"href":"https:\/\/jb-cosmetics.fr\/wordpress\/wp-json\/wp\/v2\/pages\/2433\/revisions\/4364"}],"up":[{"embeddable":true,"href":"https:\/\/jb-cosmetics.fr\/wordpress\/wp-json\/wp\/v2\/pages\/2431"}],"wp:attachment":[{"href":"https:\/\/jb-cosmetics.fr\/wordpress\/wp-json\/wp\/v2\/media?parent=2433"}],"curies":[{"name":"wp","href":"https:\/\/api.w.org\/{rel}","templated":true}]}}